{"id":5784,"date":"2023-07-31T14:46:48","date_gmt":"2023-07-31T17:46:48","guid":{"rendered":"https:\/\/todoelectrooutlet.com\/?page_id=5784"},"modified":"2023-07-31T14:46:53","modified_gmt":"2023-07-31T17:46:53","slug":"garantias","status":"publish","type":"page","link":"https:\/\/todoelectrooutlet.com\/index.php\/garantias\/","title":{"rendered":"Garant\u00edas"},"content":{"rendered":"\n<p class=\"has-text-align-center\">En nuestra tienda en l\u00ednea, nos enorgullecemos de ofrecer a nuestros clientes productos de la m\u00e1s alta calidad, respaldados por un excelente servicio postventa. Cada compra que realice con nosotros incluir\u00e1 una factura detallada que certifica la autenticidad de su compra y le brinda la tranquilidad de que su transacci\u00f3n es completamente legal y transparente.<\/p>\n\n\n\n<p class=\"has-text-align-center\">Adem\u00e1s, todos nuestros productos vienen con garant\u00edas que protegen su inversi\u00f3n y le brindan tranquilidad a largo plazo. Nos comprometemos a ofrecer garant\u00edas que cubren cualquier defecto de fabricaci\u00f3n o mal funcionamiento, para que pueda comprar con total confianza.<\/p>\n\n\n\n<p class=\"has-text-align-center\">Nuestra pol\u00edtica de garant\u00edas es clara y accesible, y nuestro equipo de atenci\u00f3n al cliente est\u00e1 siempre dispuesto a asistirlo en caso de que necesite hacer uso de ella. Nos preocupamos por su satisfacci\u00f3n y estamos comprometidos con su experiencia positiva de compra.<\/p>\n\n\n\n<p class=\"has-text-align-center\">Cuando adquiere un producto en nuestra tienda, puede estar seguro de que est\u00e1 recibiendo un art\u00edculo genuino, de alta calidad y respaldado por una garant\u00eda confiable. Nuestra prioridad es superar sus expectativas y brindarle un servicio excepcional en cada interacci\u00f3n con nosotros.<\/p>\n\n\n\n<p class=\"has-text-align-center\">Creemos en la transparencia y la integridad en nuestros negocios, por lo que puede confiar en que su factura y garant\u00eda ser\u00e1n entregadas de manera oportuna y sin complicaciones. Estamos aqu\u00ed para brindarle toda la informaci\u00f3n que necesite y asegurarnos de que su experiencia de compra sea lo m\u00e1s satisfactoria posible.<\/p>\n\n\n\n<p class=\"has-text-align-center\">En resumen, en nuestra tienda en l\u00ednea, cada producto que compre vendr\u00e1 con una factura que respalda su compra y garant\u00edas que protegen su inversi\u00f3n a largo plazo. Estamos comprometidos con la calidad, la autenticidad y la satisfacci\u00f3n del cliente, y nos esforzamos por brindarle la mejor experiencia de compra en todo momento. Gracias por elegirnos como su destino confiable para adquirir productos de alta calidad respaldados por facturas y garant\u00edas. \u00a1Esperamos seguir siendo su opci\u00f3n preferida en el futuro!<\/p>\n","protected":false},"excerpt":{"rendered":"<p>En nuestra tienda en l\u00ednea, nos enorgullecemos de ofrecer a nuestros clientes productos de la m\u00e1s alta calidad, respaldados por un excelente servicio postventa. Cada compra que realice con nosotros incluir\u00e1 una factura detallada que certifica la autenticidad de su compra y le brinda la tranquilidad de que su transacci\u00f3n es completamente legal y transparente. &hellip;<\/p>\n<p class=\"read-more\"> <a class=\"\" href=\"https:\/\/todoelectrooutlet.com\/index.php\/garantias\/\"> <span class=\"screen-reader-text\">Garant\u00edas<\/span> Read More &raquo;<\/a><\/p>\n","protected":false},"author":1,"featured_media":0,"parent":0,"menu_order":0,"comment_status":"closed","ping_status":"closed","template":"","meta":{"site-sidebar-layout":"default","site-content-layout":"default","ast-global-header-display":"","ast-banner-title-visibility":"","ast-main-header-display":"","ast-hfb-above-header-display":"","ast-hfb-below-header-display":"","ast-hfb-mobile-header-display":"","site-post-title":"","ast-breadcrumbs-content":"","ast-featured-img":"","footer-sml-layout":"","theme-transparent-header-meta":"","adv-header-id-meta":"","stick-header-meta":"","header-above-stick-meta":"","header-main-stick-meta":"","header-below-stick-meta":""},"_links":{"self":[{"href":"https:\/\/todoelectrooutlet.com\/index.php\/wp-json\/wp\/v2\/pages\/5784"}],"collection":[{"href":"https:\/\/todoelectrooutlet.com\/index.php\/wp-json\/wp\/v2\/pages"}],"about":[{"href":"https:\/\/todoelectrooutlet.com\/index.php\/wp-json\/wp\/v2\/types\/page"}],"author":[{"embeddable":true,"href":"https:\/\/todoelectrooutlet.com\/index.php\/wp-json\/wp\/v2\/users\/1"}],"replies":[{"embeddable":true,"href":"https:\/\/todoelectrooutlet.com\/index.php\/wp-json\/wp\/v2\/comments?post=5784"}],"version-history":[{"count":1,"href":"https:\/\/todoelectrooutlet.com\/index.php\/wp-json\/wp\/v2\/pages\/5784\/revisions"}],"predecessor-version":[{"id":5785,"href":"https:\/\/todoelectrooutlet.com\/index.php\/wp-json\/wp\/v2\/pages\/5784\/revisions\/5785"}],"wp:attachment":[{"href":"https:\/\/todoelectrooutlet.com\/index.php\/wp-json\/wp\/v2\/media?parent=5784"}],"curies":[{"name":"wp","href":"https:\/\/api.w.org\/{rel}","templated":true}]}}